 - j*a + 2*a + 3*a. Determine k(-2).
4
Let q(r) be the first derivative of r**3/3 + 1. Let z be (6 + (-66)/10)*(-10)/2. Calculate q(z).
9
Let k(f) = -f**3 + f**2 - f - 1. Let q(g) = 2*g**3 - 5*g**2 + 3*g - 3. Let n(j) = k(j) + q(j). What is n(4)?
4
Suppose 0 = 3*b + 2*b + 5*q - 25, -4*q = -b. Let i(x) = 6*x**2 + 77*x - 73*x + 3 - b*x**2. Determine i(-2).
3
Suppose -2*k - 4 = -2*x, -k - 2*k + 2*x - 7 = 0. Let q(m) = -2*m**2 + 4. What is q(k)?
-14
Let j be 3/(-18) - (-38)/12. Suppose 15 = 4*a + j. Let c(p) = p - 3. Give c(a).
0
Let i(a) = a**3 + 11*a**2 + 11*a + 12. Let w be i(-10). Let o(z) = 2 - 1 - 5*z - 2*z**w + 4*z. Calculate o(1).
-2
Suppose -5*s = 4*b - 87, -4*b = -0*s - 3*s + 65. Let o(p) = s*p - 10*p - 11*p. Determine o(-3).
6
Let o(x) = -1 - 7*x**3 - x + 1 + 3*x**3. Give o(-1).
5
Let x(j) = -j. Let s = -6 + 5. Give x(s).
1
Let y = -25 - -8. Let g = y - -16. Let k(v) = 1 + 6*v - 1. Give k(g).
-6
Let j = -3 + 7. Suppose j*y + 4*v - 8 = 0, -3*y - 1 = -v + 1. Suppose 3*r - r - 2 = y. Let i(x) = 11*x - 1. Give i(r).
10
Let v(r) be the second derivative of -r**4/12 - 7*r**3/6 - 5*r. Determine v(-6).
6
Let r(g) = -7*g + 10. Let w(o) = -8*o + 12. Let t(h) = 7*r(h) - 6*w(h). What is t(5)?
-7
Let w(q) = 4*q**2 - 8*q - 7. Let v(o) = -5*o**2 + 9*o + 8. Let i(r) = -5*v(r) - 6*w(r). Let k(s) = s**3 - 10*s**2 + 14*s + 12. Let d be k(8). Give i(d).
6
Let d(o) be the third derivative of -o**2 + 1/120*o**6 + 1/60*o**5 - 1/6*o**4 - 1/6*o**3 + 0*o + 0. What is d(-3)?
-7
Let j(m) = 1. Let v(i) = -6*i + 5. Let z(a) = 5*a - 4. Let u(y) = 4*v(y) + 5*z(y). Let d(p) = -p + 3. Let n be d(4). Let x(o) = n*u(o) + 3*j(o). Calculate x(0).
3
Let k(x) = -x**3 - x**2 + 10. Let l be 2/4 - (-2)/(-4). Calculate k(l).
10
Let r(z) = 1. Let w(l) be the first derivative of l**3/6 + l**2/2 - l + 3. Let s(m) be the first derivative of w(m). Let d(j) = 2*r(j) - s(j). Give d(-1).
2
Let u(i) = i. Let z(t) = -2*t - 1. Let l(f) = 2*u(f) - z(f). Let j(y) = 2*y. Let h(d) = 5*j(d) - 2*l(d). Let q be h(3). Let o(n) = n**3 - 4*n**2 + 5. Give o(q).
5
Let r(p) be the third derivative of -1/24*p**4 + p**3 + 3*p**2 + 0*p + 0. Determine r(5).
1
Let s(l) = -3*l**2 + 9*l - 1. Let y(d) = -2*d**2 + 5*d. Let k(v) = -3*s(v) + 5*y(v). Give k(3).
-12
Suppose -14*y + 24 = -18*y. Let l(k) = -k**3 - 7*k**2 - 7*k + 1. Calculate l(y).
7
Let q(d) = 5*d - d**3 - 32*d**2 + 6 - 31*d**2 + 60*d**2. Suppose 3*n = 7*n + 16. Give q(n).
2
Let a be -3 + 6 + -2 + -1. Suppose 4*v + 12 + 8 = a. Let p(i) = -i**3 - 4*i**2 + 6*i - 6. Determine p(v).
-11
Let k(t) = t - 2 + 4 - 6. Give k(3).
-1
Let u(k) = k + k + k + 6 - 4*k. Let n(t) = t**3 - t**2 - 4*t - 1. Let x be n(3). Determine u(x).
1
Let x(i) be the third derivative of -i**6/120 - i**5/12 - 5*i**4/24 - i**3/3 - 2*i**2. Suppose -7 = 4*v + 5. What is x(v)?
-5
Let j(v) be the third derivative of v**6/180 - v**5/40 + v**4/24 - v**2. Let s(p) be the second derivative of j(p). Let z(l) = 2*l. Let b be z(1). What is s(b)?
5
Let o be ((-15)/9)/(1/(-3)). Let t(x) = x**3 - 4*x**2 - 7*x + 5. Give t(o).
-5
Let p(w) = w - 5*w + 6*w. What is p(-5)?
-10
Let h(k) = -k. Suppose 3 = 2*s - 3*a - 2, -s - 3*a + 16 = 0. What is h(s)?
-7
Let h(f) = 2*f. Suppose 5*w = -g - 53 + 150, 5*g = 2*w - 28. Let b = w + -10. Suppose -5*x + 4*m + b = 0, 2*x + m - 4 = 3*m. Determine h(x).
2
Let s(p) be the first derivative of -2*p**3/3 + 3*p**2/2 - 2*p + 2. Let r be (-61)/7 - 8/28. Let y be (-2)/6 + (-21)/r. Calculate s(y).
-4
Let m(x) = -x**2 + x + 1. Let f(r) = 6*r**2 - 4*r - 7. Let g(b) = f(b) + 5*m(b). Suppose 4*v - 51 - 21 = 0. Let p = 16 - v. Give g(p).
0
Suppose -40*d = -35*d + 5. Let z(r) = -10*r**3. Determine z(d).
10
Suppose -3*c - 4*i = -0 - 21, 0 = -3*c + 3*i + 42. Let v = c + -15. Let y(g) = -4*g + g**2 + 145 + 11*g - 139. What is y(v)?
-6
Let k be (-4)/6*(1 - 7). Suppose 0 = -a + 1 - k. Let u(l) be the third derivative of l**4/24 - l**3/6 + 2*l**2. Calculate u(a).
-4
Suppose -32*s + 27*s - 10 = 0. Let c(d) = -3*d**2 - d + 1. Give c(s).
-9
Let a(j) be the first derivative of -j**3/3 + 5*j**2/2 - 2*j - 2. Let y(z) be the first derivative of a(z). Let r be 12/(-42)*(-11 - 3). Give y(r).
-3
Let p = 18 - 19. Let q be 3 - (6 + (2 - p)). Let c(s) = -s**3 - 7*s**2 - 7*s - 1. Calculate c(q).
5
Let z(a) be the first derivative of -7/2*a**2 + 1/3*a**3 - 1 + a. Calculate z(5).
-9
Let i(f) = 7*f**3 - 14*f**2 + 13*f + 8. Let l(q) = 11*q**3 - 21*q**2 + 20*q + 12. Let z(j) = 8*i(j) - 5*l(j). Determine z(6).
-8
Let d(m) be the second derivative of -m**5/20 + m**4/3 - m**3/3 - 2*m**2 + m. Let o be (-4)/10*(-7 - -57). Let y = 23 + o. Determine d(y).
-1
Suppose -12*l = -1 - 11. Let t(b) be the first derivative of -b**4 + b**3/3 - b**2/2 + b - 1. Give t(l).
-3
Suppose -7*p + 4*p = 0. Let k(i) = -2*i - 2*i**2 - i**3 + 0*i**2 + p*i**2 + 5*i + 3. What is k(-2)?
-3
Let c(g) = g**2 - 4*g. Suppose -3*x - x + 28 = 0. Suppose x + 9 = 4*a. What is c(a)?
0
Suppose 4*k = -5*t - 8, 5*k - k - 4*t = 28. Let f(p) = -2*p**3 - 4*p**2 - 3*p. Let i be f(-2). Let z(v) = 12 - 3*v**2 + v**3 - i - 8 + 3*v. Give z(k).
7
Let i(j) = -j - 3. Suppose -10 = -0*l - l. Let x = l - 8. Let v = -2 - x. What is i(v)?
1
Let v(l) = 4*l**2 + l + 3. Let n(q) = -3*q**2 - 3. Let f(u) = -3*n(u) - 2*v(u). What is f(2)?
3
Let r(k) = k**3 - k**2 - k - 1. Let n = 10 + -16. Let v = 5 + n. Calculate r(v).
-2
Let f(b) = -b - 5. Let q = 7 - 14. Let h be q/(14/8) + 1. Give f(h).
-2
Let y(q) be the third derivative of -1/2*q**3 + 0 + 3*q**2 + 1/12*q**4 + 0*q. Let o be (-1 - -1 - 5) + 1. Calculate y(o).
-11
Let n(j) = j**3 + 7*j**2 + 7*j - 1. Let w(y) = -y**2 - 10*y + 18. Let u be w(-12). Give n(u).
-7
Suppose 6 = -6*a + 4*a. Let l(d) = -3*d + 2. Determine l(a).
11
Suppose 0 = 4*g - 5 + 13. Let t(v) = 2*v - 3*v - 2 - v. Give t(g).
2
Let v(m) = -2*m**3 - 3*m**2 + 2. Let n(w) = 3*w**3 + 3*w**2 - w - 2. Let u(q) = -3*n(q) - 4*v(q). Determine u(4).
-6
Let s be (-4 - -7) + -2 + 2. Let h(l) = -6*l + s*l**2 + 4*l + l**3 - 4*l + 3*l + 4. Give h(-4).
0
Let r(w) = -6*w**2 + 2*w - 1. Let c(h) = h. Suppose -3 = -3*d, -11 = -f - 4*d - 2. Let u be c(f). Suppose -5*p + u = -0*p. Give r(p).
-5
Let v(f) = -f**3 - f - 25 - 3*f + 22 - 4*f**2. Calculate v(-3).
0
Let c(o) = o - 6. Suppose 5*l - 6 = 4. Suppose 0*t + l*t - 12 = 0. Suppose -4 = -2*w + t. Calculate c(w).
-1
Let y(f) = f**2 - 5*f - 10. Suppose 19 - 61 = -6*h. What is y(h)?
4
Let c(v) = 13*v - 4. Let k(i) = 19*i - 5. Let t(q) = -7*c(q) + 5*k(q). Calculate t(-6).
-21
Let v(l) = l**2 - 2*l + 1. Suppose -3*a - 42 = -6*a. Suppose a = 5*s - 6. Let o be (-2)/(-6) - s/(-6). Calculate v(o).
0
Let b = -18 + 21. Let g(p) = -6 + p**2 + 31*p + b - 26*p. Determine g(-6).
3
Let u(k) = -k**3 + 3*k - 1. Let o be u(2). Let f(t) = 5*t**3 - 2*t**2 + 8*t - 1. Let v(g) = -g**3 + g**2 - 2*g. Let d(i) = -f(i) - 4*v(i). Determine d(o).
10
Let t(s) = s - 1. Let j(n) = n**3 - 5*n**2 + 4*n + 7. Let q be j(4). What is t(q)?
6
Suppose -n - n = 8. Let r(a) be the first derivative of a**2 + 1/3*a**3 - 5*a + 4. Give r(n).
3
Let d(q) = 43*q + 1 + q**3 - 41*q + 5*q**3. Let a = 2 + -5. Let w = a - -2. Give d(w).
-7
Suppose 0*c - c + 16 = 4*x, 5*c = 0. Let o be ((-2)/4)/((-1)/x). Let i(d) = -d + 4*d - 1 + d**2 - 2*d**o. Calculate i(3).
-1
Let u(w) = 4*w**2 + 5*w - 6. Let o(g) = 5*g**2 + 5*g - 8. Let v(p) = -3*o(p) + 4*u(p). Let z = -31 - -44. Suppose -3 = 3*f, -f + 0*f - z = 4*q. Determine v(q).
-6
Let o(m) = -6*m**3 + 2*m + 1. Let h be o(-1). Let d(g) = -g**3 + 6*g**2 - 5*g + 1. Let a be d(h). Let v(l) = -8*l**2 - l. Determine v(a).
-9
Let u be 19/4 - (-9)/(-12). Let j(r) = 3*r - 6. Calculate j(u).
6
Let u(l) = l**3 + 8*l**2 + 6*l - 6. Let j(h) = 2*h**2 + 1. Let a be j(1). Suppose -4*i - 7 = -a*i. Give u(i).
1
Let k(w) = 3*w**2 + 12*w + 5. Let b(v) = 2*v**2 + 8*v + 3. Let x(a) = -8*b(a) + 5*k(a). Let y = 46 - 50. Determine x(y).
1
Suppose -8 = -2*a + 6*a + 5*r, -r - 10 = 2*a. Let h = -5 - a. Let j(x) = x**h + 0*x**2 + x**3 + x + 1 + 2*x. Determine j(-2).
-9
Suppose -24 = 3*b + b. Let z = 2 + b. Let u(q) = q + 3. What is u(z)?
-1
Let j(c) be the third derivative of c**6/144 + c**5/120 + c**4/8 - 6*c**2. Let x(q) be the second derivative of j(q). Give x(-1).
-4
Let t(n) = n + 2. Suppose -15 = 5*p - 0. Give t(p).
-1
Let q be 0*(-5 + 3 - -3). Let s be -